 divisor of 18775 and 175.
25
Calculate the highest common factor of 13431 and 11253.
363
Calculate the highest common divisor of 8798677 and 193.
193
Calculate the greatest common factor of 1190 and 60928.
238
What is the greatest common divisor of 674 and 1047733?
337
Calculate the greatest common divisor of 115416 and 42.
42
What is the greatest common divisor of 65114 and 56?
14
Calculate the highest common divisor of 3258 and 4344.
1086
Calculate the highest common factor of 53 and 938577.
53
What is the greatest common factor of 13984 and 644?
92
Calculate the highest common divisor of 32234 and 355.
71
What is the greatest common divisor of 48 and 340944?
48
What is the greatest common divisor of 54191 and 235?
47
Calculate the highest common divisor of 1225 and 392.
49
What is the highest common divisor of 225 and 369?
9
What is the highest common factor of 63769 and 43?
43
Calculate the highest common factor of 80 and 13265.
5
What is the highest common factor of 1008 and 2180808?
504
Calculate the greatest common divisor of 67401 and 288.
9
What is the greatest common divisor of 2397 and 2652?
51
Calculate the highest common divisor of 58 and 9618314.
58
What is the highest common divisor of 97 and 93?
1
Calculate the greatest common factor of 51 and 233971.
17
Calculate the greatest common divisor of 198923 and 67.
67
Calculate the highest common divisor of 139902 and 21.
21
Calculate the greatest common factor of 209144 and 312.
104
What is the greatest common divisor of 100855 and 6555?
115
What is the highest common divisor of 29931 and 627?
33
What is the highest common divisor of 112847 and 1862?
49
Calculate the greatest common factor of 813218 and 2.
2
What is the greatest common divisor of 126 and 18162?
18
Calculate the greatest common divisor of 12 and 45600.
12
What is the greatest common divisor of 211908 and 300?
12
Calculate the greatest common factor of 166332 and 1503.
501
Calculate the greatest common divisor of 2875 and 40.
5
What is the highest common divisor of 38680 and 80?
40
Calculate the greatest common factor of 52 and 276796.
52
What is the greatest common divisor of 6279 and 33?
3
What is the highest common factor of 441 and 126273?
147
What is the greatest common factor of 227620 and 380?
380
Calculate the greatest common factor of 3219902 and 166.
166
Calculate the highest common factor of 95 and 1807337.
19
Calculate the highest common divisor of 132 and 56148.
12
Calculate the highest common divisor of 202437 and 7221.
249
Calculate the greatest common divisor of 9135 and 3135.
15
What is the greatest common divisor of 375 and 3500?
125
Calculate the greatest common factor of 18602 and 5396.
142
Calculate the highest common divisor of 6532 and 9844.
92
Calculate the highest common factor of 5970 and 7770.
30
Calculate the highest common divisor of 27 and 974889.
27
What is the greatest common factor of 124317 and 48709?
727
What is the highest common divisor of 16 and 9866?
2
What is the highest common divisor of 1032 and 152?
8
What is the highest common divisor of 1648 and 8446?
206
What is the greatest common divisor of 141 and 263811?
141
What is the greatest common factor of 952 and 13902?
14
What is the highest common divisor of 70 and 8064770?
70
What is the highest common factor of 1720 and 2020?
20
What is the highest common factor of 287 and 77?
7
Calculate the greatest common factor of 536 and 472.
8
What is the greatest common factor of 72154 and 86?
86
Calculate the greatest common divisor of 18971 and 25191.
311
Calculate the highest common factor of 2115 and 7708.
47
What is the highest common factor of 608 and 32608?
32
Calculate the highest common factor of 7215 and 107263.
481
Calculate the highest common factor of 16900 and 156.
52
What is the highest common divisor of 655432 and 8?
8
What is the highest common divisor of 2545 and 10?
5
Calculate the greatest common divisor of 7994536 and 88.
88
What is the greatest common factor of 36449 and 205?
41
What is the greatest common factor of 221757 and 2316?
579
What is the greatest common divisor of 5310 and 2244360?
1770
Calculate the highest common divisor of 19503 and 22.
11
What is the greatest common factor of 27640 and 12?
4
What is the greatest common factor of 723 and 195933?
723
What is the highest common divisor of 49278 and 344?
86
Calculate the greatest common factor of 48327 and 7059.
543
Calculate the greatest common factor of 46 and 826252.
46
Calculate the greatest common factor of 870 and 52374.
174
Calculate the highest common factor of 11006176 and 32.
32
Calculate the greatest common factor of 48 and 23696.
16
What is the greatest common factor of 320 and 620608?
64
What is the greatest common factor of 2816 and 24832?
256
What is the highest common divisor of 41080 and 3016?
104
What is the greatest common divisor of 2206579 and 41?
41
Calculate the greatest common divisor of 7514 and 944554.
442
Calculate the greatest common factor of 1974 and 131334.
42
Calculate the greatest common factor of 42 and 36939.
21
What is the highest common factor of 27138 and 6?
6
Calculate the highest common factor of 1072 and 36716.
268
What is the highest common divisor of 15967 and 119?
7
Calculate the highest common divisor of 7367 and 695.
139
What is the greatest common divisor of 48 and 976?
16
Calculate the greatest common factor of 117 and 10377.
9
What is the highest common divisor of 66 and 1908?
6
Calculate the greatest common factor of 350 and 21126.
14
Calculate the greatest common divisor of 740 and 35668.
148
Calculate the greatest common factor of 8439 and 10767.
291
Calculate the greatest common divisor of 270 and 174010.
10
Calculate the greatest common factor of 18 and 15102.
18
Calculate the highest common factor of 20139 and 4436334.
2877
What is the highest common factor of 158059 and 11?
11
Calculate the highest common divisor of 17771 and 728.
13
Calculate the highest common divisor of 27426 and 42.
42
Calculate the highest common divisor of 726831 and 63.
63
Calculate the greatest common factor of 625 and 225.
25
Calculate the highest common divisor of 48488 and 1254.
418
What is the greatest common factor of 1496 and 21505?
187
Calculate the greatest common divisor of 2060 and 360.
20
What is the greatest common divisor of 156 and 557154?
78
What is the greatest common divisor of 90 and 42885?
45
What is the highest common divisor of 5175 and 495?
45
Calculate the greatest common divisor of 14352 and 4163.
23
Calculate the greatest common divisor of 4897 and 99769.
59
Calculate the greatest common divisor of 1060292 and 3892.
556
Calculate the greatest common factor of 210 and 44280.
30
Calculate the greatest common factor of 657693 and 27.
27
What is the greatest common factor of 21987 and 20591?
349
Calculate the highest common divisor of 1541 and 22713.
67
Calculate the greatest common divisor of 2600 and 1495.
65
What is the highest common factor of 908868 and 888?
444
What is the highest common factor of 30699 and 379?
379
Calculate the greatest common factor of 81 and 4749111.
81
What is the greatest common divisor of 146020 and 98?
98
Calculate the greatest common factor of 285 and 25536.
57
What is the greatest common divisor of 2736 and 60363?
171
Calculate the highest common divisor of 1 and 100915.
1
Calculate the greatest common factor of 15386 and 23236.
314
What is the greatest common factor of 2790100 and 50?
50
What is the highest common factor of 33264 and 1485?
297
What is the greatest common factor of 92481 and 29?
29
Calculate the greatest common divisor of 171 and 451161.
9
Calculate the highest common divisor of 12779 and 416.
13
Calculate the greatest common divisor of 312 and 2385630.
78
What is the highest common factor of 693196 and 798?
266
What is the greatest common factor of 6994 and 6877?
13
What is the greatest common factor of 9999 and 2178?
99
Calculate the highest common divisor of 609 and 90335.
203
What is the greatest common divisor of 319 and 1331?
11
Calculate the greatest common factor of 70 and 361655.
35
Calculate the greatest common factor of 568 and 25418.
142
Calculate the greatest common divisor of 475 and 41150.
25
Calculate the greatest common factor of 